Let o(n) = 1671*n + 182148. Determine o(-109).
9
Let q(p) = 4*p**2 - 46*p + 200. What is q(6)?
68
Let d(k) = -3*k**2 - 33*k - 14. Calculate d(-11).
-14
Let n(t) = -19*t + 461. Give n(24).
5
Let h(z) = z**3 + 101*z**2 - 206*z - 78. Give h(-103).
-78
Let j(t) = -57*t**2 + 9*t - 4. Determine j(2).
-214
Let m(z) = -2*z**2 + 63*z + 405. Give m(37).
-2
Let f(b) = 1457*b + 20403. Determine f(-14).
5
Let t(f) = f**2 - 137*f - 274. What is t(-2)?
4
Let s(f) = f**3 - 7*f**2 - 30*f + 37. Determine s(1).
1
Let x(l) = -2*l**3 - 54*l**2 + l + 1. Give x(-27).
-26
Let k(t) = 118*t - 842. Give k(7).
-16
Let l(t) = 9*t**2 + 44*t - 77. Determine l(-6).
-17
Let c(u) = 3311*u - 43038. Determine c(13).
5
Let w(r) = 14*r**2 + 858*r + 247. Calculate w(-61).
3
Let v(s) = -s**2 - 8*s + 12. Determine v(5).
-53
Let t(s) = s**3 + 49*s**2 + 102*s + 376. Give t(-47).
0
Let v(c) = 936*c - 4707. Calculate v(5).
-27
Let v(y) = -4428*y - 4437. Give v(-1).
-9
Let k(o) = o**2 + 31*o + 95. Give k(-22).
-103
Let c(q) = q**3 - 20*q**2 - 44*q + 2. What is c(-2)?
2
Let s(d) = 12*d**3 - 70*d**2 - 17*d + 5. Determine s(6).
-25
Let x(h) = -h**2 - 16*h + 28. Give x(-18).
-8
Let g(j) = -24*j + 325. What is g(14)?
-11
Let h(a) = a**2 - 32*a + 176. Give h(9).
-31
Let i(a) = a**3 - 84*a**2 - 1263*a + 168. What is i(97)?
-26
Let a(h) = 2*h**2 + 250*h + 38. Give a(-125).
38
Let z(s) = -s**3 + 4*s**2 - 14*s - 3. Give z(4).
-59
Let h(d) = 2*d**3 + 12*d**2 + 12*d - 10. What is h(-4)?
6
Let u(q) = -q**3 + 19*q**2 + 3*q. What is u(20)?
-340
Let r(p) = 5*p**2 + 23*p + 73. Determine r(-3).
49
Let c(v) = 5*v**3 - 77*v**2 + 35*v - 57. Determine c(15).
18
Let a(s) = -381*s**3 + 6*s**2 + 3*s - 3. Determine a(-1).
381
Let h(i) = -i**3 - 19*i**2 + 71*i - 463. Give h(-23).
20
Let o(b) = 18*b**2 + 7*b - 6. Calculate o(4).
310
Let q(h) = -h**2 - 176*h - 2192. Calculate q(-13).
-73
Let p(f) = 40*f - 4594. What is p(115)?
6
Let g(h) = 3*h**3 + 2*h**2 - 43*h + 143. Give g(3).
113
Let x(w) = w**3 + 28*w**2 - 3*w - 730. Give x(-27).
80
Let n(q) = -20*q - 383. What is n(-19)?
-3
Let b(s) = -9*s + 102. Calculate b(-2).
120
Let r(a) = 195*a - 8987. Give r(46).
-17
Let f(h) = 2*h**3 - 2*h**2 - 263*h + 11. Give f(-11).
0
Let y(p) = p**3 - 76*p**2 + 67*p + 570. What is y(75)?
-30
Let v(t) = -t**3 + 9*t**2 + 292*t + 543. Calculate v(-2).
3
Let u(o) = -3*o**3 - o**2 - o + 42. Determine u(0).
42
Let h(t) = t**2 - 15*t - 43. Determine h(-5).
57
Let g(c) = -c**2 - 221*c - 11338. What is g(-140)?
2
Let m(l) = -l**2 - 27*l + 65. Give m(-26).
91
Let q(t) = -226*t - 3552. Give q(-16).
64
Let v(x) = -10*x**3 + 2*x**2 - 6*x + 18. Give v(2).
-66
Let q(r) = -4*r**2 - 380*r - 7940. Give q(-64).
-4
Let k(n) = -n**2 - 97*n - 1061. Calculate k(-13).
31
Let g(r) = -r**3 - 23*r**2 + 8*r + 182. Calculate g(-23).
-2
Let k(n) = 2947*n - 11755. Give k(4).
33
Let p(f) = -f**3 - 171*f**2 - 195*f - 4252. Calculate p(-170).
-2
Let b(x) = x**2 + 6962*x + 27828. Determine b(-4).
-4
Let z(i) = -i**2 - 289*i - 17667. Determine z(-201).
21
Let z(b) = 3877*b + 23262. Determine z(-6).
0
Let i(y) = -17*y**2 + 18*y + 6. What is i(3)?
-93
Let o(t) = -t**3 - t**2 + 14*t + 192. Determine o(0).
192
Let i(l) = 24*l + 184. Give i(-8).
-8
Let c(b) = 52*b + 548. What is c(-10)?
28
Let y(c) = 86*c**2 + 111*c. Give y(-2).
122
Let m(o) = -o**3 - o**2 + 96*o + 5. What is m(0)?
5
Let u(q) = -q**2 - 123*q + 505. Give u(4).
-3
Let k(o) = 116*o + 5113. Determine k(-44).
9
Let r(f) = -f**2 + 12*f + 353. Calculate r(-10).
133
Let s(h) = h**3 + 6*h**2 - 254*h - 1277. Determine s(-5).
18
Let w(q) = -14*q**2 + 1052*q - 158. Determine w(75).
-8
Let l(n) = 2*n**3 - 55*n**2 + 102*n - 1961. Determine l(27).
64
Let y(v) = v**2 + 120*v + 3371. Give y(-45).
-4
Let p(w) = w**3 + 23*w**2 + 2*w - 58. Calculate p(-23).
-104
Let s(t) = t - 20. Determine s(32).
12
Let h(l) = l**2 - 30*l + 279. Determine h(17).
58
Let t(c) = 56*c - 247. Determine t(3).
-79
Let b(u) = u**3 + 9*u**2 + 44*u + 230. Calculate b(-7).
20
Let t(r) = 2*r**2 + 40*r + 124. What is t(-4)?
-4
Let y(o) = 13*o - 123. Calculate y(16).
85
Let w(h) = 1296*h + 84225. Calculate w(-65).
-15
Let s(x) = -6*x - 224. Give s(-3).
-206
Let p(j) = 215*j + 638. Determine p(-3).
-7
Let q(y) = y**2 - 48*y + 487. Calculate q(16).
-25
Let h(q) = q**3 + 136*q**2 + 690*q + 4576. Calculate h(-131).
-9
Let b(v) = -9*v + 204. What is b(12)?
96
Let v(h) = -4*h**3 - 10*h + 9. What is v(2)?
-43
Let q(v) = 69*v - 115. Determine q(8).
437
Let r(n) = -2*n**3 - 4*n**2 - 20*n - 24. Determine r(-2).
16
Let p(g) = -27*g + 67. Give p(-9).
310
Let i(n) = 2*n**2 + 30*n - 61. What is i(-17)?
7
Let c(o) = -o**3 + 22*o**2 + 13*o + 289. Calculate c(23).
59
Let z(r) = r**3 + 12*r**2 - 56*r + 79. Give z(5).
224
Let j(v) = 5*v**2 - 54*v + 34. Calculate j(10).
-6
Let s(n) = n**2 - 2*n - 665. Calculate s(23).
-182
Let g(q) = q**3 + 24*q**2 - 40*q + 286. Give g(-26).
-26
Let q(o) = 96*o - 101. Determine q(1).
-5
Let o(r) = 59*r + 538. Give o(-12).
-170
Let h(k) = -47*k - 158. Calculate h(-5).
77
Let k(m) = -m**2 + 153*m + 5923. Determine k(-32).
3
Let r(c) = -2*c**2 + 6*c - 7. Calculate r(-7).
-147
Let k(z) = 3*z**3 - 35*z**2 - 120*z + 1557. Determine k(11).
-5
Let j(f) = -94*f - 286. Calculate j(-3).
-4
Let k(q) = q**2 + 12*q - 3. Calculate k(-12).
-3
Let g(r) = -r**2 + 37*r - 340. Calculate g(19).
2
Let q(v) = 2*v**3 + 6*v**2 + 11*v + 22. Calculate q(-3).
-11
Let u(p) = 5*p**2 + 37*p + 53. Give u(-2).
-1
Let z(c) = 739*c - 12544. Give z(17).
19
Let m(v) = 39*v + 151. What is m(-5)?
-44
Let a(i) = i**2 - 31*i + 79. Give a(28).
-5
Let v(r) = -356*r + 388. Calculate v(1).
32
Let i(q) = -110*q - 62. Calculate i(-1).
48
Let g(d) = 1073*d + 23570. Calculate g(-22).
-36
Let c(a) = 20*a - 38. Determine c(15).
262
Let c(p) = -3*p**3 - 21*p**2 - 12*p + 94. Calculate c(-4).
-2
Let h(b) = -7*b**2 + 158*b - 12. Give h(24).
-252
Let n(p) = 3*p**2 - 88*p + 216. Give n(25).
-109
Let f(g) = 82*g**2 + 37*g + 35. What is f(-1)?
80
Let t(w) = -w**2 - 101*w + 875. Give t(8).
3
Let s(d) = 4*d**3 - 213*d**2 + 46*d + 222. Give s(53).
-149
Let y(a) = -a**2 - 15*a - 50. Determine y(-8).
6
Let i(g) = g**2 + 39*g + 656. Determine i(-28).
348
Let w(l) = 366*l**2 + 341*l - 29. Calculate w(-1).
-4
Let a(d) = 14*d + 23. Determine a(14).
219
Let l(w) = 3*w**3 - 42*w**2 - 4*w + 60. Give l(14).
4
Let x(t) = -t**3 + 97*t**2 - 188*t - 124. What is x(95)?
66
Let r(k) = 318*k - 325. Give r(1).
-7
Let h(j) = -j**3 - 52*j**2 - 48*j + 166. Determine h(-51).
13
Let h(u) = -u**3 - 101*u**2 + 614*u - 2992. Give h(-107).
4
Let w(z) = z**2 + 42*z - 345. Give w(-50).
55
Let u(n) = 8*n**2 + 108*n + 196. Give u(-2).
12
Let n(h) = 7233*h - 28892. Calculate n(4).
40
Let y(l) = -96*l**2 - 102*l - 103. Calculate y(-1).
-97
Let o(x) = 9*x**3 + 28*x**2 - 9*x - 25. Give o(-3).
11
Let h(g) = -779*g - 6253. Determine h(-8).
-21
Let c(g) = g**3 - 2*g**2 - 18*g - 8. Determine c(6).
28
Let p(r) = 65*r - 3086. What is p(56)?
554
Let h(p) = 3*p**2 - 659*p + 1078. What is h(218)?
-12
Let p(q) = -53*q - 28. Give p(4).
-240
Let u(y) = 10*y**2 - y - 2. Determine u(-3).
91
Let z(f) = 30*f - 538. Determine z(17).
-28
Let r(w) = -w**3 - 71*w**2 + 4*w + 233. Determine r(-71).
-51
Let a(n) = 60*n + 170. Determine a(-3).
-10
Let h(z) = z**3 + 16*z - 16. Calculate h(1).
1
Let n(x) = -207*x - 429. Calculate n(-2).
-15
Let x(p) = 2*p**2 - 65*p - 362. Give x(38).
56
Let f(q) = -q**3 - 8*q**2 + 9. Calculate f(-9).
90
Let w(x) = -x**3 + 86*x**2 - 695*x + 160. Give w(77).
6
Let c(u) = -u**3 + 29*u**2 + 21*u + 228. What is c(30)?
-42
Let k(h) = h**2 + 72*h - 8. Calculate k(-72).
-8
Let q(b) = b**3 - 10*b**2 + 26*b + 25. Give q(4).
33
Let w(p) = 39*p - 101. Calculate w(3).
16
Let n(v) = 2215*v + 11079. Give n(-5).
4
Let b(z) = -17*z**3 - 207*z**2 - 29*z + 64. What is b(-12)?
-20
Let r(h) = -h**3 - 38*h**2 - 53*h - 581. Calculate r(-37).
11
Let y(m) = 2*m**3 + 13*m**2 - 100*m - 649. Determine y(-7).
2
Let i(o) = -23*o + 559. Give i(21).
76
Let r(n) = -n**2 + 3275*n + 46052. What is r(-14)?
6
Let i(u) = -u**3 + 21*u**2 - 5*u + 45. What is i(21)?
-60
Let o(f) = f**2 + 9*f + 66. Determine o(-23).
388
Let y(i) = 11518*i - 34555. Calculate y(3).
-1
Let m(s) = 321*s - 1263. Calculate m(4).
21
Let q(x) = -443*x + 2700. Give q(6).
42
Let g(y) = -14*y